 What is the greatest common factor of r and 55?
5
Suppose -30*f + 68732 + 254278 = 15*f. Calculate the greatest common factor of f and 97.
97
Let m be (6/(-8))/((-2)/576). Let a be (((-36)/5)/2)/((-96)/720). Calculate the greatest common divisor of m and a.
27
Let l = 4668 + -4608. Let a = -42 + 72. What is the greatest common factor of l and a?
30
Let b(a) = 70*a**2 + 3 - a - 3. Suppose 5*g = -13*h + 14*h + 14, -13 = 2*h - 5*g. Let j be b(h). Calculate the greatest common factor of j and 23.
23
Let x(k) = k**3 - 18*k**2 - 14*k - 51. Suppose -15*o - 6 = -291. Let b be x(o). What is the highest common divisor of b and 99?
11
Let i(n) = 242*n**2 + 11*n + 106. Let v be i(-6). What is the greatest common divisor of v and 16?
16
Suppose 0 = -y + 1 + 1. Suppose -5*u - y*j = -29 - 41, 4*u - j = 43. Let a be -1 + 424/u + 2/(-6). What is the highest common divisor of a and 51?
17
Let f be ((-17)/3)/((-1)/3). Suppose -53*t + 10176 + 3307 = -8*t + 3538. What is the greatest common factor of t and f?
17
Suppose 43*n + 64*n = 72*n + 60060. Calculate the greatest common factor of 468 and n.
156
Let p(x) = 80*x**2 - 127*x - 660. Let i be p(-5). Calculate the greatest common factor of 632 and i.
79
Let u = 1061 + -939. Calculate the greatest common divisor of 488 and u.
122
Let m be -142 + (2 - 4 - -2) + -1. Let r = m + 186. Let p = 60 - r. Calculate the greatest common factor of 34 and p.
17
Let p be (-12)/15*(-490)/(-4). Let u = 6 + p. Let k = -58 - u. What is the highest common factor of 85 and k?
17
Let p be 2/((10/(-6))/((-2450)/60)). What is the highest common divisor of p and 10584?
49
Let k = 166 - 162. Suppose x - 64 = -n + k*x, 0 = 2*x + 4. What is the highest common factor of 87 and n?
29
Let m = 13 + -23. Let s be (-4)/14 + 698*m/(-28). Let o be 4 + s/1 + -1. What is the highest common divisor of o and 28?
28
Let w = -747 + 1872. Let a(y) = 33*y + 213. Let j be a(-6). What is the highest common factor of w and j?
15
Suppose -431*m = 445*m - 893*m + 34799. What is the highest common divisor of 534 and m?
89
Let w = -18003 - -19221. Calculate the greatest common factor of 2088 and w.
174
Suppose -4*x - 6 = -2*c - 12, -3*x + 11 = 5*c. Let d(k) = 7*k - 33. Let i be d(6). What is the highest common factor of x and i?
1
Let x be (-5*9)/(99/(-6600)). What is the highest common factor of x and 3?
3
Suppose 4*d + 3*h = 43, -2*h = 2*d - 0 - 22. Suppose -45 = 5*z - d*z. Calculate the highest common factor of z and 99.
9
Let a be (-8)/20 + 9592/55. Let s = a + -144. Calculate the greatest common divisor of s and 135.
15
Let b = -10845 + 12290. What is the highest common factor of 5 and b?
5
Let h = -232 - -205. Let w be (h/(-6))/((-6)/(-52)). What is the highest common divisor of w and 52?
13
Let a(q) = -5*q**2 + 8*q + 6. Let l be a(6). Let i = l - -146. Calculate the highest common divisor of 20 and i.
20
Let r(t) = -111*t + 2033. Let b be r(16). Calculate the greatest common divisor of b and 1.
1
Let h(b) = 17*b**2 - 5*b + 20. Suppose 5*m - 8*m = 2*f - 5, -f + 6 = -2*m. Let y be h(f). What is the highest common divisor of y and 17?
17
Let x be ((-705)/60)/((-2)/8) + 122/(-61). What is the highest common divisor of x and 10485?
45
Let t(i) = 8*i**2 - 33*i + 5. Let h be t(-11). Calculate the highest common divisor of 8 and h.
8
Suppose -116*y + 30912 = -108*y. Suppose 4*q = j + y, -1157 = -3*q - 5*j + 1741. What is the highest common divisor of q and 92?
46
Let p = 103 - 88. Let o = p + -6. What is the greatest common divisor of o and 2?
1
Let b(k) = 264*k + 1872. Let f be b(-7). Let j be 4/(-14) + (-2186)/(-7). Calculate the highest common factor of f and j.
24
Suppose -2*i + 6 + 20 = 0. Let v = 214 - 217. Let k be v*(5 - (-318)/(-9)). What is the greatest common factor of k and i?
13
Let n = 1759 + -1755. Let h be (-1)/(-6) + 23/6. What is the greatest common divisor of n and h?
4
Let z be (-6)/(-30)*(-2 - -2). Suppose z = 19*j - 4266 + 143. Calculate the highest common factor of 62 and j.
31
Suppose 2*q - 3*h - 2079 = 0, 4*q + 83*h - 80*h - 4113 = 0. What is the greatest common divisor of q and 72?
24
Suppose 670 = 7*y + 3*y. Suppose -4*z + 101 = -y. Calculate the highest common factor of z and 231.
21
Suppose 24*p = 10*p + 70. Suppose -p*t + 50 = -10. Calculate the highest common factor of t and 828.
12
Suppose 1026*p + 53784 = 1192*p. Calculate the highest common factor of p and 15228.
324
Let z = 3896 + -3894. Calculate the greatest common divisor of z and 162.
2
Suppose 365 = 4*l - 775. Suppose -378 = 14*r - 10*r - 6*r. Let m = l - r. Calculate the greatest common factor of m and 6.
6
Suppose 4*z - z = v - 380, -5*z + 348 = v. Let x = v + -352. Let l(j) = 3*j**2 - 3*j + 2. Let u be l(3). Calculate the highest common divisor of u and x.
4
Let k be (170/119)/(3 - (-37)/(-14)). Suppose -2*r + 7 = -4*m + 77, -61 = -4*m - r. What is the greatest common divisor of m and k?
4
Let t(w) = 50*w**3 + 7*w**2 - 18*w + 19. Let d be t(2). Calculate the highest common divisor of 9 and d.
3
Suppose -84 = 8*q + 2292. Let a = 341 + q. Calculate the greatest common divisor of a and 66.
22
Let l(c) = -4*c**3 - c**2 + 2*c + 2. Let h be l(-1). Suppose -7*u = -h*u - 448. What is the highest common factor of 252 and u?
28
Let n = 8 - -40. Let v = -491 - -493. Suppose -2*o + 0*o - v*j = -68, -5*j = -10. What is the highest common factor of o and n?
16
Suppose -6*i + 0*i = -48. Let g be (52/6)/(i*(-6)/(-144)). What is the highest common divisor of g and 65?
13
Suppose 0 = -299*g + 303*g - 3552. Suppose g + 312 = 12*l. What is the greatest common factor of 8 and l?
4
Let a = 653 + -374. Suppose -a*h = -278*h - 52. Calculate the greatest common divisor of 156 and h.
52
Let k(a) = 2*a**3 - 19*a**2 + 12*a + 104. Let g be k(12). Calculate the highest common factor of g and 198.
22
Let f be (1 - -58) + (-4 - -1). Let o(a) = -25*a - 222. Let y be o(-7). Let b = y + f. Calculate the highest common divisor of b and 117.
9
Suppose 3*k = 2*k + 19. Let t(i) = i**3 - 16*i**2 - 38*i + 41. Let u be t(18). Let q be (-314)/(0 - 2) - u. Calculate the highest common factor of q and k.
19
Suppose -563*z = -2864 - 21271 - 11897. Calculate the greatest common factor of z and 3904.
64
Suppose -3*h = 6*w - 114, -18*w + 68 = -15*w - 4*h. Calculate the highest common divisor of w and 6160.
20
Suppose -1217 + 463 = -13*p. Suppose p*o + 200 = 66*o. What is the highest common divisor of 225 and o?
25
Suppose x + 17781 = -16*x + 75156. Calculate the greatest common factor of 250 and x.
125
Let d(q) = -2*q. Let f be d(-1). Let n be ((-1)/f)/(5/(-150)). What is the highest common divisor of n and 135?
15
Let u = -171 + 187. Let f be -2 + (624/6 - 6). What is the greatest common factor of u and f?
16
Let n = 2010 - 1893. Calculate the greatest common divisor of 221 and n.
13
Let l(d) = d**3 - 60*d**2 - 124*d + 10. Let a be l(62). What is the highest common factor of 290 and a?
10
Let m = 17997 - 12460. What is the greatest common divisor of m and 49?
49
Suppose 30*v = -32*v - 82*v + 72000. What is the greatest common factor of v and 2900?
100
Suppose 4*f = -5*g + 1, 11 = 5*f + g - 6. Suppose -q + 2*q + f*p - 51 = 0, p = 5*q - 150. Calculate the highest common divisor of 1 and q.
1
Let i(q) = -194*q - 16614. Let s be i(-89). Calculate the greatest common factor of s and 7009.
163
Let s = 3169 + -2883. What is the greatest common factor of s and 1001?
143
Let p be (4 - -27) + 98/(-7). Calculate the greatest common divisor of 14450 and p.
17
Let o = 245 + -242. Suppose -b + 86 = -5*x, -o*b = b + 5*x - 319. What is the greatest common factor of b and 81?
81
Suppose -5*o - 90 = -175. Suppose 0 = -j + 3*f + o - 5, 5*j - 110 = 5*f. Calculate the highest common factor of j and 405.
27
Let u = -22503 + 22647. What is the greatest common divisor of 1328 and u?
16
Let s be 375/8 - 1 - (-5)/40. Suppose -158 = -12*d + s. Let r be (-4)/(-6) + 304/3. Calculate the greatest common divisor of d and r.
17
Suppose -14*u + 3*u - 253 = 0. Let i = 36 + u. Suppose -39 = -d - i. Calculate the highest common factor of 13 and d.
13
Let b(z) = -6*z**2 + 30*z + 21. Let w be b(0). What is the greatest common factor of w and 1183?
7
Suppose -2336*d = -2419*d + 21580. Let b(q) = -q**3 + 4*q**2 - 3. Let k be b(-3). Calculate the highest